*o, 4*b + 0*b - 4*o - 24 = 0. What is the remainder when m is divided by b?
7
Let t(a) = a**2 - 4*a + 5. Let q be t(4). Suppose 4*j + 4*m = 80, 9*m + 150 = q*j + 4*m. Calculate the remainder when j is divided by 13.
12
Let j = -6 - -6. Suppose -2*p - p + 9 = j. Calculate the remainder when 37 is divided by p/(3/2) + 11.
11
Suppose 63 = 5*n - p - 33, 3*p - 52 = -2*n. Suppose -2*a + a = -99. Suppose -a = -3*q + 15. What is the remainder when q is divided by n?
18
Suppose 0 = 110*z - 105*z - 105. Calculate the remainder when 80 is divided by z.
17
Suppose 5*g + 0*g - 4 = -3*a, 18 = 4*g - 5*a. Calculate the remainder when 13 is divided by g.
1
Suppose 2*y - 50 = 4*q, 16 = 2*q + 2*q. Suppose -5*l = 4*i - 206, -i - 5*l + y = -11. Calculate the remainder when i is divided by 14.
12
Let d = 153 + -114. What is the remainder when d is divided by 14?
11
Suppose 5*h - 3*i + 2 = 0, -5*i + 3*i = 4*h - 16. Calculate the remainder when h is divided by 2.
0
Suppose -8*g = -4*g - 2*m - 116, 2*m = -8. Let a = g - 75. What is the remainder when (5/3 + -3)*a is divided by 22?
20
Let y(g) = g + 69. Let n be y(0). Let d = 10 - 45. Let j = d + n. What is the remainder when j is divided by 12?
10
Let x(s) = s**3 + 13*s**2 - 3*s - 31. Let q(k) = k**2 + k + 3. Calculate the remainder when q(-5) is divided by x(-13).
7
Let g(v) = -3*v - 2. Let t be g(-3). Suppose 5*k - 38 - t = 0. What is the remainder when 35 is divided by k?
8
Suppose 2*p - 4*k = 22 + 8, 3*k + 3 = 0. Let h = p + -8. Let d(f) = -f**2 - 11*f + 4. What is the remainder when d(-10) is divided by h?
4
Suppose 3*o = 77 - 224. Let w = -33 - o. What is the remainder when w is divided by 6?
4
Let l = -54 + 69. Suppose -u + 62 + 57 = 0. Suppose 3*m = u + 7. What is the remainder when m is divided by l?
12
Suppose 0*k = -4*k - 12. Let m = -2 - k. Calculate the remainder when m is divided by 1.
0
Let l = 46 - 34. Calculate the remainder when l is divided by 3.
0
Let y = 26 - 16. Suppose 0 = 4*g - 17 - 7. What is the remainder when y is divided by g?
4
Let v(c) be the first derivative of -1 - 5/2*c**2 - 4*c + 1/3*c**3. Calculate the remainder when v(-4) is divided by 11.
10
Let n = 59 + -49. Calculate the remainder when 47 is divided by n.
7
Let a = 5 - 1. Suppose -2*m = -a*m + 84. Calculate the remainder when m is divided by 11.
9
Suppose -7*j + 2*j + 229 = 4*d, -2*j = -5*d + 245. What is the remainder when d is divided by 18?
15
Let a be (4 - 8)*(-2)/4. Let z(y) = y**3 + 4*y - 3. Calculate the remainder when z(a) is divided by 4.
1
Let g = 21 + -9. Suppose v = 3*v - 70. Calculate the remainder when v is divided by g.
11
Suppose -2*a + 28 = 6. What is the remainder when a is divided by (-57)/(-9) - 2/6?
5
Suppose -4*r - 3 - 73 = 0. Let u = 75 + r. What is the remainder when u is divided by 15?
11
Let r = 21 - 15. Let n = r - 3. What is the remainder when (-76)/(-16) - (-1)/4 is divided by n?
2
Let y = -232 - -399. Calculate the remainder when y is divided by 42.
41
Let w = -16 + 33. Calculate the remainder when w is divided by 4.
1
Let r(h) = 3*h - 9. What is the remainder when 7 is divided by r(5)?
1
What is the remainder when (-3)/((-384)/(-129) + -3) is divided by 26?
25
Suppose p = 2*i - 5*i + 14, -i - 7 = -2*p. What is the remainder when i is divided by 2/(-5) + 7/5?
0
What is the remainder when (0 - (3 - 4))*(-2 - -163) is divided by 15?
11
Suppose -5*x - 69 = -299. Let a = 33 - 17. What is the remainder when x is divided by a?
14
Let y(j) = -7*j**2 - 28*j + 4. What is the remainder when 9 is divided by y(-4)?
1
Let f be -2*2/(-8)*2. What is the remainder when 17 is divided by -6*f/10*-10?
5
Let r(l) = -2*l + 1. Let a = -112 - -128. What is the remainder when a is divided by r(-4)?
7
Suppose -m + 410 = 4*m. Calculate the remainder when m is divided by 21.
19
Suppose -17 = -v - 1. Suppose 8*h = 3*h + 155. What is the remainder when h is divided by v?
15
Let v(h) be the second derivative of -2*h**3/3 + 3*h. Calculate the remainder when 7 is divided by v(-1).
3
Let f = 4 - 7. Let l be 4/(3/f) + 2. Calculate the remainder when 31 is divided by l/(-8) + 43/4.
9
Let y(j) = j**3 + 7*j**2 - 4. Let c be y(-6). Suppose n - c = -n. What is the remainder when 31 is divided by n?
15
Let d = -25 - -39. Calculate the remainder when 41 is divided by d.
13
Let z = -61 + 75. Let l(p) be the first derivative of -p**3/3 + 7*p**2/2 + 2*p - 2. Calculate the remainder when z is divided by l(6).
6
Suppose -2*i = 4*j + i - 3, 2*j + 4*i = 4. Let t = j + 13. Let p = 11 + -4. Calculate the remainder when t is divided by p.
6
Let y = 18 - -17. Suppose -g + 2*g - 18 = 0. Calculate the remainder when y is divided by g.
17
Suppose 7 + 7 = m. What is the remainder when 54 is divided by m?
12
Suppose 2*d - 5*d + 93 = 4*j, 95 = 4*j + d. What is the remainder when j is divided by (9/(-6) - 0)*-6?
6
Let s(k) = 11*k**2 - 3*k - 1. What is the remainder when s(-1) is divided by 6?
1
Let o(k) = 5*k**2 - k - 1. Let h be o(3). Suppose -5*w = -h - 69. Let m(i) = -7*i + 1. What is the remainder when w is divided by m(-1)?
6
Let l = 48 + -28. Let b = l - 13. What is the remainder when b is divided by 4?
3
Let g = -9 - -3. Let w = 84 - 81. Calculate the remainder when (0 - 8/g)*6 is divided by w.
2
Suppose 3*o + 505 = 3412. Let g = -560 + o. Suppose 4*w - g + 165 = 0. Calculate the remainder when w is divided by 16.
13
What is the remainder when 69 is divided by -2 + 22 + 4/1?
21
Let u be ((-3)/(3/2))/2. Let i be (-24)/(-10)*(49 - u). Suppose -48 = 3*b - i. Calculate the remainder when b is divided by 13.
11
Suppose -q + 46 = q. Suppose 0*k + 3*k = -9. Let p(f) = -f**3 - 3*f**2 - 4*f. What is the remainder when q is divided by p(k)?
11
Calculate the remainder when 0 + 2*25/2 is divided by ((-39)/(-9) + -2)/((-5)/(-15)).
4
Suppose 0 = -5*u - 19 - 1. What is the remainder when (0 - 2)/(4/(-28)) is divided by 37/7 - u/(-14)?
4
Let u(x) = x**3 - 2*x**2 - x + 3. Let f be 3/(9/(-6)) - -5. What is the remainder when u(f) is divided by 4?
1
Suppose 0*w - 12 = 4*i + w, 2 = -3*i + w. Let p be (-2)/((i/(-2))/1). Calculate the remainder when (p + 2 + -1)*-3 is divided by 2.
1
Suppose -5*z + 17 = -208. Calculate the remainder when z is divided by 12.
9
Suppose 0 = 2*h + 6 + 4. Let y = 2 - h. Calculate the remainder when 12 is divided by y.
5
Suppose 257 = 5*q + 67. Suppose 3*t + q - 107 = 0. Calculate the remainder when t is divided by 12.
11
Suppose -2*n = 2*f - 22, 3*f - 3*n + 5 = 26. Let z(a) = -a**2 - 3*a + 2. Let s be z(-3). Suppose -s*m = -0*m - 32. What is the remainder when m is divided by f?
7
Let a be 1 + -2 + (2 - -1). Suppose -9 = a*q - 15. Let b = 7 + -2. What is the remainder when b is divided by q?
2
Let f = 7 + 1. Calculate the remainder when (1 - 3)*(2 + (-105)/6) is divided by f.
7
Suppose -1 = -3*w + 2*n + 1, -3*n + 8 = w. Suppose w*m - 100 = -0*m. Let p = m - 22. Calculate the remainder when p is divided by 15.
13
Let t(g) = g - 1. Let w(v) = -v**3 - 3*v - 2. Let x(m) = 4*t(m) + w(m). Let y be x(0). What is the remainder when 23 is divided by -16*(21/y + 3)?
7
Calculate the remainder when (-5)/(50/8)*-55 is divided by 15.
14
Suppose 4*b - 5*o + 23 = 2*b, -b + 4*o - 19 = 0. Let f = -16 + 17. Calculate the remainder when f is divided by b.
0
Suppose 3*v - 10 = v. Suppose -2*t + 42 = t. Suppose t = -2*a + 40. What is the remainder when a is divided by v?
3
Let a(g) = -g - 15. Let t be a(-7). What is the remainder when (5/2)/((-4)/t) is divided by 2?
1
Let t(h) = h + 5. Calculate the remainder when t(9) is divided by 9.
5
Suppose 5*q - 3*d = 283, -3*q + 0*q + 3*d = -171. Suppose v - 5*v = -q. What is the remainder when v is divided by ((-5)/10)/(2/(-32))?
6
Let z(w) = 2*w - 2. Let p be z(5). Suppose -c + 2*c = -d + 43, 0 = -4*d + p. What is the remainder when c is divided by 11?
8
Let q = 193 + -180. What is the remainder when q is divided by 9?
4
Let d = -20 - -53. Suppose 480 = 5*c + 5*i, c - 3*i = 2*i + 96. Calculate the remainder when c is divided by d.
30
Let t(d) = 3*d**2 - 1. Suppose 5 + 7 = 4*u. Calculate the remainder when u is divided by t(1).
1
Let n = 1 + 4. Suppose -4*q + 80 = -4*z, -n*q + z + 2*z + 104 = 0. Suppose -2*g - 8 = -24. Calculate the remainder when q is divided by g.
6
Suppose -3*l + 16 - 4 = 0. Suppose 2*f - l - 6 = 0. 